et r(v) = 5*v**3 - v**2 + 5*v + 12. Let q(p) = -4*o(p) + 7*r(p). Give q(-4).
24
Let y = -7 - 47. Let t be (-12)/y - (-20)/(-9). Let x(h) = -h + 3*h**2 + 0*h**2 - 4*h**2. Determine x(t).
-2
Let t(c) = -11 - 3 + 13 + 0. Let n(r) = 10*r - 3. Let s(y) = n(y) - 4*t(y). Let o be 3/4 - (-3)/12. What is s(o)?
11
Let i(p) = -21*p + 214. Let v(z) = 23*z - 235. Let o(u) = -12*i(u) - 11*v(u). Determine o(-20).
37
Let q(v) = 4*v**3 + 110528 + 60*v**3 - 110527. What is q(1)?
65
Let p(r) be the second derivative of 201*r + 5/12*r**4 + 5/6*r**3 + 0 - 7/2*r**2 + 1/20*r**5. Calculate p(-3).
-4
Suppose -2*y = -2*m + 20, 7*m - y - 58 = 2*m. Let n(l) = -3*l**2 + 56*l - 188. Let c(o) = 2*o**2 - 37*o + 122. Let s(f) = -14*c(f) - 9*n(f). Calculate s(m).
8
Let s(h) = -4*h + 2. Let t be 5 + (12/54 - 2194/(-9)). Suppose -193 = 8*w - t. Determine s(w).
-26
Let j(q) = -q + 6. Let v = 3850 - 3861. Determine j(v).
17
Let c(x) = -x**3 + 9*x**2 - 10*x + 11. Let r(u) = -2*u**2 - 26*u + 4. Let y(v) = v**2 - 1. Let a(n) = -r(n) + 2*y(n). Let j be a(-7). What is c(j)?
-5
Let q(j) = j + 35. Suppose -2*g + 5*d = 76 + 29, 2*g - 3*d + 99 = 0. Calculate q(g).
-10
Let g(h) be the third derivative of h**5/60 - 3*h**4/8 + 3*h**3/2 - h**2. Suppose -25 = -0*q + 5*q. Let r be (-172)/215 - 34/q. Give g(r).
-9
Let z be 194/291 + (38/24 - 2). Let h(w) be the first derivative of -3/2*w**2 + 16 + w**3 + 4*w - z*w**4. What is h(3)?
-5
Let n(l) be the second derivative of -l**5/20 - 3*l**4/4 - 5*l**3/3 - 6*l**2 - l. Let z = -1006 - -1045. Suppose -5*a + s = z, 20 = -a - 3*s + 9. Give n(a).
4
Let d(p) = p**3 - 2*p**2 - p - 2. Let k(n) = -n**2 - 5*n - 1. Let y be k(-5). Let b be (6 + -2)/y + 2. What is d(b)?
-16
Let b(x) be the first derivative of 0*x - 13/3*x**3 - 189 + 1/2*x**2. Let q = -3 - -4. Calculate b(q).
-12
Let l(r) = -14*r. Suppose m + 1 = -4*u, 9*u + 4*m = 11*u - 22. Give l(u).
-14
Suppose -2*n = -2*l + 3*n + 369, 2*l - 4*n = 374. Let c = l - 193. Let i(b) = 2*b + 2. Determine i(c).
10
Let p(y) = y - 1. Let n(h) = 5*h. Let j(f) = -n(f) + 4*p(f). Suppose 4*k + 8 = -4. Let c be ((-32)/(-12) + -1)*k. Determine j(c).
1
Let w(s) = 5*s. Let y(x) = 9*x + 1. Suppose -5*k + 16 = -5*g - 9, 2*k + 18 = -2*g. Let i(p) = g*w(p) + 4*y(p). Let a(h) = 6*h**2 - h. Let u be a(1). Give i(u).
9
Let d be (-1 - 0)*16*(-6)/1. Suppose -7*b + d = -3*b. Suppose -2*q = 3*m - 17, 2*q - b = -2*m - 10. Let l(w) = -w**3 + 4*w**2 - 7*w + 6. Give l(q).
-22
Let f = -1227 + 1221. Let a(r) = -7*r - 5. Let x(g) = 3*g + 2. Let i(m) = -4*a(m) - 10*x(m). Calculate i(f).
12
Let a(v) = v**3 - 16*v**2 + 6*v + 8. Let c(g) = g**3 - 20*g**2 + 7*g + 9. Let j(n) = -6*a(n) + 5*c(n). Let r = 6 + -10. What is j(r)?
1
Let f(z) be the first derivative of -z**4/4 - 8*z**3/3 - z**2 - 10*z + 6. Suppose -2*q + 139 = -149. Let l = q - 152. Calculate f(l).
6
Let i(j) = -3*j**3 + 61*j**2 + 42*j + 9. Let h be i(21). Let w(c) = 10*c. Calculate w(h).
90
Suppose 0 = -0*w + 25*w - 37 - 13. Let p(s) = -s**2 + 30*s - 56. Calculate p(w).
0
Let b(d) = d + 4. Suppose -117*y - 110 = -37*y - 350. What is b(y)?
7
Suppose -16 = -4*a + 2*a + 4*b, -2*b = -3*a + 12. Let f(y) = -4*y - 7*y**a - 66 - 7*y + 100 + 6*y**2. What is f(-14)?
-8
Let m = 1605 - 1602. Let i(t) = -t + 0*t + 4 + 2*t**2 - 3*t. Determine i(m).
10
Let h(y) = -4*y**2 - 52*y - 22. Let b = -5076 - -5063. Calculate h(b).
-22
Let w(i) = -50*i**2 + 59*i - 1. Let o(x) = 41*x**2 - 47*x + 1. Let y(u) = -11*o(u) - 9*w(u). Determine y(-6).
46
Let m be (-4)/(-14) - (-45)/63 - 1. Let s be 1 - (m - ((-5 - -4) + 2)). Let z(k) = 4*k + 2. Give z(s).
10
Let d(i) = 8*i**2 - 137*i - 18. Let u be d(10). Let a = -595 - u. Let b(g) = g + 6. Determine b(a).
-1
Let v = -5057 + 5058. Let j(m) = -15*m + 3*m**2 + 18*m - 3 - 9*m**2. Calculate j(v).
-6
Let w(u) be the second derivative of 0 - 118*u - 1/6*u**3 - u**2. Determine w(-5).
3
Let x(k) = 20*k**2 + 919*k - 59. Let t be x(-46). Let s(m) = -m**3 - 13*m**2 + 4*m + 55. Give s(t).
3
Let d(w) = 11*w**2 - 6*w - 18*w**2 + 8*w**2 - 5. Suppose -3*i = -8*i + 5*a + 50, -5*i = -2*a - 50. Suppose -34 + i = -4*u. What is d(u)?
-5
Suppose 0 = 6*u - 8*u - 96. Let o = 43 + u. Let q(j) = -14*j + 13*j + 1 - 6. Determine q(o).
0
Let m(r) = 9*r**2 + 151*r - 11. Let l be m(-17). Let q(o) = -o**3 + 26*o**2 - 72*o + 77. Calculate q(l).
8
Let a = 115 + -113. Let h be ((-3)/a - -3)*2. Let n(z) = z - 1. Let i(l) = -l**3 + 5*l**2 - 2*l - 2. Let x(s) = -i(s) + 2*n(s). Give x(h).
-6
Let i(z) be the first derivative of -z**3/3 - 11*z**2 - 82*z - 28. Give i(-17).
3
Let g(q) = 9*q - 70. Let t be g(13). Suppose -8*p - 25 = -2*n - 3*p, 5*n - t = -3*p. Let b(s) = s**3 - 10*s**2 - s + 4. What is b(n)?
-6
Let q(t) be the third derivative of 1/12*t**4 - 17*t**2 + 0 + 11/6*t**3 + 0*t + 1/120*t**5. Let n(o) be the first derivative of q(o). Give n(4).
6
Let j(l) = -l + 24. Suppose 31*c = 19*c + 36. Calculate j(c).
21
Suppose 6*n - 10*n + 4 = 0. Let t = -64 - -67. Let p(c) = 48 + 13*c**t - 48 + c. Determine p(n).
14
Let g be (13 + -11)/(4/(-886)). Let o = g - -441. Let l(r) = r**2 + r - 3. Give l(o).
-1
Let i = 7 - 7. Suppose i*n - 5 = n. Let x(l) be the third derivative of l**4/24 + 5*l**3/3 + 36*l**2 - l - 4. Calculate x(n).
5
Let a(p) be the first derivative of -p**4/4 - 2*p**3/3 - p**2/2 - p - 241. Give a(-2).
1
Let h(o) = -6*o - 1479 + 2962 - 1481. What is h(-6)?
38
Let r(z) = -z - 4*z**3 + 5*z**3 + 0*z - z**2. Let p(o) = -6*o**3 - 3*o**2 + 4*o + 3. Suppose -t - 5 = 3*v, v + 3 + 2 = -t. Let a(b) = t*r(b) - p(b). Give a(-8).
-11
Let o(h) = -h**3 + 4*h**2 + 14*h - 10. Let f(c) = 607*c - 4243. Let d be f(7). What is o(d)?
2
Let s(m) be the third derivative of m**4/12 - m**3/2 - 9*m**2. Let b = 143 + -143. Suppose 2*v + 26*v - 112 = b. Give s(v).
5
Suppose 0 = 5*u, -p - 3*p + u = 0. Suppose 3*d + 4*d - 28 = p. Let w(m) = -m**3 + 4*m**2 - 2*m + 7. Let i be w(d). Let v(q) = 4*q + 1. Determine v(i).
-3
Let d(q) = 3*q**2 - 654*q**3 - 8*q**2 + 24*q + 655*q**3 - 6*q - 10*q**2 - 24. Calculate d(14).
32
Let k(i) = -14 - 3387*i**3 + 6769*i**3 + 4*i**2 + 15*i - 3383*i**3. Determine k(6).
4
Let m(n) = -n - 1. Let k(w) be the first derivative of 2*w**2 + 19*w - 86. Let x(l) = -k(l) - 5*m(l). Give x(13).
-1
Suppose -k - 2 = -5. Let a(d) = 0 - 3*d + 2*d**3 - 3*d**3 + 2 + 2*d**k - 4*d**2. Let u be 1*(5 + 2/(-2)). Give a(u).
-10
Let o(b) = b**2 + 6*b - 2. Suppose 0 = 15*w - 6*w. Suppose w*v - 12 = -6*v. Let m be 64/(-12) + v + (-2)/3. What is o(m)?
-10
Let x(b) be the second derivative of -5*b**3/6 + 95*b**2/2 + 136*b. What is x(19)?
0
Let z(t) = 2*t. Let h be 1 - (-54)/(-72) - (-450)/(-8). Suppose -245 = 4*x + 5*o, -3*x = x + 4*o + 240. Let s = h - x. Give z(s).
-2
Let k(q) be the first derivative of q**2/2 + 13*q + 230. Suppose 4*c - 18 + 2 = 0. Suppose -40 + 0 = c*a. Calculate k(a).
3
Let t(y) = -y**3 - 12*y**2 + 28*y - 3. Suppose 128 - 428 + 90 = 15*g. Calculate t(g).
-3
Let r(n) be the first derivative of n**2/2 + 2*n - 106. Let x be 26/(-16) + 6/(-16). What is r(x)?
0
Let o(m) = m**2 + 5*m - 2. Let j be ((8 - 5) + -5)*(-1 - 0). Let q = 40 + -22. Suppose -j*l = l + q. Calculate o(l).
4
Let z(p) = p**3 - 7*p**2 - 16*p - 22. Suppose -3*s - 94 = -5*s - 76. What is z(s)?
-4
Suppose 51*c - 352 + 234 = 392. Let o(t) = 4*t**2 - 37*t - 14. Determine o(c).
16
Suppose 6*n - n - 18 = -3*a, 4*n - 7 = 5*a. Let b = -58 - -63. Let s(q) = -b + 38*q - 69*q + 33*q. What is s(n)?
1
Let b(x) = -5*x**2 + 9*x - 18. Let n(a) = 4*a**2 - 9*a + 16. Let y(s) = 3*b(s) + 4*n(s). Suppose j + 7 = 3*k - 2*k, j = -3*k + 21. Determine y(k).
-4
Suppose 0 = 12*w + 615 + 153. Let y = w - -64. Let z(t) = -t**2 - t + 11. Give z(y).
11
Let m = -2 + 4. Let x(c) = -7 - m - 5*c + 3*c. Suppose -1761531*y = -1761560*y + 203. Determine x(y).
-23
Suppose -17*y + 66 - 15 = 0. Suppose -9 = -3*b + 3*c, 3*c = -y*b + 2*b - 17. Let i(w) = -2*w - 3. What is i(b)?
1
Let l(w) = w**2 - 422*w - 6 - 415*w + 1240*w - 412*w. What is l(11)?
16
Let c(h) be the second derivative of -h**3/6 + 6*h**2 + h. Suppose 4*a = 4263*z - 4258*z - 23, 0 = -2*a + 3*z - 17. Determine c(a).
4
Let i(x) = x**3 - 3*x**2 + x. Let t(o) = 5*o**3 - 15*o**2 + 6*o + 1. Let c = 487 + -491. Let s(w) = c*i(w) + t(w). Give s(2).
1
Let q be 10 + (-10 - -5)*1. Suppose -3*k + 433 = -g, -2*g = -q*k - g + 723. Le